{"id":1309,"date":"2023-07-13T17:15:46","date_gmt":"2023-07-13T20:15:46","guid":{"rendered":"https:\/\/henriquemachado.alainmkt.com.br\/?page_id=1309"},"modified":"2024-08-08T12:10:40","modified_gmt":"2024-08-08T15:10:40","slug":"principais-tratamentos","status":"publish","type":"page","link":"https:\/\/urologistarj.com.br\/index.php\/principais-tratamentos\/","title":{"rendered":"Principais Tratamentos"},"content":{"rendered":"\t\t<div data-elementor-type=\"wp-page\" data-elementor-id=\"1309\" class=\"elementor elementor-1309\">\n\t\t\t\t\t\t\t<div class=\"elementor-element elementor-element-2046e48b e-flex e-con-boxed e-con\" data-id=\"2046e48b\" data-element_type=\"container\" data-settings=\"{&quot;background_background&quot;:&quot;classic&quot;,&quot;content_width&quot;:&quot;boxed&quot;}\">\n\t\t\t\t\t<div class=\"e-con-inner\">\n\t\t<div class=\"elementor-element elementor-element-4cfffadb e-con-full e-flex e-con\" data-id=\"4cfffadb\" data-element_type=\"container\" data-settings=\"{&quot;content_width&quot;:&quot;full&quot;}\">\n\t\t\t\t<div class=\"elementor-element elementor-element-148d3507 elementor-widget elementor-widget-heading\" data-id=\"148d3507\" data-element_type=\"widget\" data-widget_type=\"heading.default\">\n\t\t\t\t<div class=\"elementor-widget-container\">\n\t\t\t<style>\/*! elementor - v3.14.0 - 26-06-2023 *\/\n.elementor-heading-title{padding:0;margin:0;line-height:1}.elementor-widget-heading .elementor-heading-title[class*=elementor-size-]>a{color:inherit;font-size:inherit;line-height:inherit}.elementor-widget-heading .elementor-heading-title.elementor-size-small{font-size:15px}.elementor-widget-heading .elementor-heading-title.elementor-size-medium{font-size:19px}.elementor-widget-heading .elementor-heading-title.elementor-size-large{font-size:29px}.elementor-widget-heading .elementor-heading-title.elementor-size-xl{font-size:39px}.elementor-widget-heading .elementor-heading-title.elementor-size-xxl{font-size:59px}<\/style><h2 class=\"elementor-heading-title elementor-size-default\">Tratamentos Urol\u00f3gicos<\/h2>\t\t<\/div>\n\t\t\t\t<\/div>\n\t\t\t\t<div class=\"elementor-element elementor-element-6d6d9a39 elementor-widget elementor-widget-text-editor\" data-id=\"6d6d9a39\" data-element_type=\"widget\" data-widget_type=\"text-editor.default\">\n\t\t\t\t<div class=\"elementor-widget-container\">\n\t\t\t<style>\/*! elementor - v3.14.0 - 26-06-2023 *\/\n.elementor-widget-text-editor.elementor-drop-cap-view-stacked .elementor-drop-cap{background-color:#69727d;color:#fff}.elementor-widget-text-editor.elementor-drop-cap-view-framed .elementor-drop-cap{color:#69727d;border:3px solid;background-color:transparent}.elementor-widget-text-editor:not(.elementor-drop-cap-view-default) .elementor-drop-cap{margin-top:8px}.elementor-widget-text-editor:not(.elementor-drop-cap-view-default) .elementor-drop-cap-letter{width:1em;height:1em}.elementor-widget-text-editor .elementor-drop-cap{float:left;text-align:center;line-height:1;font-size:50px}.elementor-widget-text-editor .elementor-drop-cap-letter{display:inline-block}<\/style>\t\t\t\t<p>A urologia \u00e9 uma especialidade m\u00e9dica que lida com o trato urin\u00e1rio, que inclui os rins, os ureteres, a bexiga e a uretra tanto para homens quanto para mulheres.<\/p>\t\t\t\t\t\t<\/div>\n\t\t\t\t<\/div>\n\t\t\t\t<\/div>\n\t\t\t\t\t<\/div>\n\t\t\t\t<\/div>\n\t\t<div class=\"elementor-element elementor-element-b5c87cb e-flex e-con-boxed e-con\" data-id=\"b5c87cb\" data-element_type=\"container\" data-settings=\"{&quot;content_width&quot;:&quot;boxed&quot;}\">\n\t\t\t\t\t<div class=\"e-con-inner\">\n\t\t\t\t<div class=\"elementor-element elementor-element-0b07c23 elementor-widget elementor-widget-heading\" data-id=\"0b07c23\" data-element_type=\"widget\" data-widget_type=\"heading.default\">\n\t\t\t\t<div class=\"elementor-widget-container\">\n\t\t\t<h2 class=\"elementor-heading-title elementor-size-default\">Principais Tratamentos<\/h2>\t\t<\/div>\n\t\t\t\t<\/div>\n\t\t\t\t\t<\/div>\n\t\t\t\t<\/div>\n\t\t<div class=\"elementor-element elementor-element-58c747e e-flex e-con-boxed e-con\" data-id=\"58c747e\" data-element_type=\"container\" data-settings=\"{&quot;content_width&quot;:&quot;boxed&quot;}\">\n\t\t\t\t\t<div class=\"e-con-inner\">\n\t\t<div class=\"elementor-element elementor-element-6f6ab08 e-con-full e-flex e-con\" data-id=\"6f6ab08\" data-element_type=\"container\" data-settings=\"{&quot;content_width&quot;:&quot;full&quot;}\">\n\t\t\t\t<div class=\"elementor-element elementor-element-463d777 elementor-position-top elementor-vertical-align-top elementor-widget elementor-widget-image-box\" data-id=\"463d777\" data-element_type=\"widget\" data-widget_type=\"image-box.default\">\n\t\t\t\t<div class=\"elementor-widget-container\">\n\t\t\t<style>\/*! elementor - v3.14.0 - 26-06-2023 *\/\n.elementor-widget-image-box .elementor-image-box-content{width:100%}@media (min-width:768px){.elementor-widget-image-box.elementor-position-left .elementor-image-box-wrapper,.elementor-widget-image-box.elementor-position-right .elementor-image-box-wrapper{display:flex}.elementor-widget-image-box.elementor-position-right .elementor-image-box-wrapper{text-align:right;flex-direction:row-reverse}.elementor-widget-image-box.elementor-position-left .elementor-image-box-wrapper{text-align:left;flex-direction:row}.elementor-widget-image-box.elementor-position-top .elementor-image-box-img{margin:auto}.elementor-widget-image-box.elementor-vertical-align-top .elementor-image-box-wrapper{align-items:flex-start}.elementor-widget-image-box.elementor-vertical-align-middle .elementor-image-box-wrapper{align-items:center}.elementor-widget-image-box.elementor-vertical-align-bottom .elementor-image-box-wrapper{align-items:flex-end}}@media (max-width:767px){.elementor-widget-image-box .elementor-image-box-img{margin-left:auto!important;margin-right:auto!important;margin-bottom:15px}}.elementor-widget-image-box .elementor-image-box-img{display:inline-block}.elementor-widget-image-box .elementor-image-box-title a{color:inherit}.elementor-widget-image-box .elementor-image-box-wrapper{text-align:center}.elementor-widget-image-box .elementor-image-box-description{margin:0}<\/style><div class=\"elementor-image-box-wrapper\"><figure class=\"elementor-image-box-img\"><a href=\"https:\/\/urologistarj.com.br\/index.php\/infeccao\/\"><img decoding=\"async\" width=\"300\" height=\"300\" src=\"https:\/\/urologistarj.com.br\/wp-content\/uploads\/2023\/07\/2.png\" class=\"elementor-animation-grow attachment-full size-full wp-image-1201\" alt=\"\" loading=\"lazy\" srcset=\"https:\/\/urologistarj.com.br\/wp-content\/uploads\/2023\/07\/2.png 300w, https:\/\/urologistarj.com.br\/wp-content\/uploads\/2023\/07\/2-150x150.png 150w\" sizes=\"(max-width: 300px) 100vw, 300px\" \/><\/a><\/figure><div class=\"elementor-image-box-content\"><h3 class=\"elementor-image-box-title\"><a href=\"https:\/\/urologistarj.com.br\/index.php\/infeccao\/\">Infecc\u00e7\u00e3o Urin\u00e1ria<\/a><\/h3><\/div><\/div>\t\t<\/div>\n\t\t\t\t<\/div>\n\t\t\t\t<div class=\"elementor-element elementor-element-6f51d58 elementor-position-top elementor-vertical-align-top elementor-widget elementor-widget-image-box\" data-id=\"6f51d58\" data-element_type=\"widget\" data-widget_type=\"image-box.default\">\n\t\t\t\t<div class=\"elementor-widget-container\">\n\t\t\t<div class=\"elementor-image-box-wrapper\"><figure class=\"elementor-image-box-img\"><a href=\"https:\/\/urologistarj.com.br\/index.php\/prostatite\/\"><img decoding=\"async\" width=\"300\" height=\"300\" src=\"https:\/\/urologistarj.com.br\/wp-content\/uploads\/2023\/07\/2.png\" class=\"elementor-animation-grow attachment-full size-full wp-image-1201\" alt=\"\" loading=\"lazy\" srcset=\"https:\/\/urologistarj.com.br\/wp-content\/uploads\/2023\/07\/2.png 300w, https:\/\/urologistarj.com.br\/wp-content\/uploads\/2023\/07\/2-150x150.png 150w\" sizes=\"(max-width: 300px) 100vw, 300px\" \/><\/a><\/figure><div class=\"elementor-image-box-content\"><h3 class=\"elementor-image-box-title\"><a href=\"https:\/\/urologistarj.com.br\/index.php\/prostatite\/\">Prostatite<\/a><\/h3><\/div><\/div>\t\t<\/div>\n\t\t\t\t<\/div>\n\t\t\t\t<\/div>\n\t\t<div class=\"elementor-element elementor-element-6b3939c e-con-full e-flex e-con\" data-id=\"6b3939c\" data-element_type=\"container\" data-settings=\"{&quot;content_width&quot;:&quot;full&quot;}\">\n\t\t\t\t<div class=\"elementor-element elementor-element-ac075a4 elementor-position-top elementor-vertical-align-top elementor-widget elementor-widget-image-box\" data-id=\"ac075a4\" data-element_type=\"widget\" data-widget_type=\"image-box.default\">\n\t\t\t\t<div class=\"elementor-widget-container\">\n\t\t\t<div class=\"elementor-image-box-wrapper\"><figure class=\"elementor-image-box-img\"><a href=\"https:\/\/urologistarj.com.br\/index.php\/incontinencia-urinaria\/\"><img decoding=\"async\" width=\"300\" height=\"300\" src=\"https:\/\/urologistarj.com.br\/wp-content\/uploads\/2023\/07\/2.png\" class=\"elementor-animation-grow attachment-full size-full wp-image-1201\" alt=\"\" loading=\"lazy\" srcset=\"https:\/\/urologistarj.com.br\/wp-content\/uploads\/2023\/07\/2.png 300w, https:\/\/urologistarj.com.br\/wp-content\/uploads\/2023\/07\/2-150x150.png 150w\" sizes=\"(max-width: 300px) 100vw, 300px\" \/><\/a><\/figure><div class=\"elementor-image-box-content\"><h3 class=\"elementor-image-box-title\"><a href=\"https:\/\/urologistarj.com.br\/index.php\/incontinencia-urinaria\/\">Incontin\u00eancia Urin\u00e1ria<\/a><\/h3><\/div><\/div>\t\t<\/div>\n\t\t\t\t<\/div>\n\t\t\t\t<div class=\"elementor-element elementor-element-65abf1b elementor-position-top elementor-vertical-align-top elementor-widget elementor-widget-image-box\" data-id=\"65abf1b\" data-element_type=\"widget\" data-widget_type=\"image-box.default\">\n\t\t\t\t<div class=\"elementor-widget-container\">\n\t\t\t<div class=\"elementor-image-box-wrapper\"><figure class=\"elementor-image-box-img\"><a href=\"https:\/\/urologistarj.com.br\/index.php\/cistite\/\"><img decoding=\"async\" width=\"300\" height=\"300\" src=\"https:\/\/urologistarj.com.br\/wp-content\/uploads\/2023\/07\/2.png\" class=\"elementor-animation-grow attachment-full size-full wp-image-1201\" alt=\"\" loading=\"lazy\" srcset=\"https:\/\/urologistarj.com.br\/wp-content\/uploads\/2023\/07\/2.png 300w, https:\/\/urologistarj.com.br\/wp-content\/uploads\/2023\/07\/2-150x150.png 150w\" sizes=\"(max-width: 300px) 100vw, 300px\" \/><\/a><\/figure><div class=\"elementor-image-box-content\"><h3 class=\"elementor-image-box-title\"><a href=\"https:\/\/urologistarj.com.br\/index.php\/cistite\/\">Cistite<\/a><\/h3><\/div><\/div>\t\t<\/div>\n\t\t\t\t<\/div>\n\t\t\t\t<\/div>\n\t\t<div class=\"elementor-element elementor-element-3e3cb44 e-con-full e-flex e-con\" data-id=\"3e3cb44\" data-element_type=\"container\" data-settings=\"{&quot;content_width&quot;:&quot;full&quot;}\">\n\t\t\t\t<div class=\"elementor-element elementor-element-8bca24e elementor-position-top elementor-vertical-align-top elementor-widget elementor-widget-image-box\" data-id=\"8bca24e\" data-element_type=\"widget\" data-widget_type=\"image-box.default\">\n\t\t\t\t<div class=\"elementor-widget-container\">\n\t\t\t<div class=\"elementor-image-box-wrapper\"><figure class=\"elementor-image-box-img\"><a href=\"https:\/\/urologistarj.com.br\/index.php\/calculo-renal\/\"><img decoding=\"async\" width=\"300\" height=\"300\" src=\"https:\/\/urologistarj.com.br\/wp-content\/uploads\/2023\/07\/2.png\" class=\"elementor-animation-grow attachment-full size-full wp-image-1201\" alt=\"\" loading=\"lazy\" srcset=\"https:\/\/urologistarj.com.br\/wp-content\/uploads\/2023\/07\/2.png 300w, https:\/\/urologistarj.com.br\/wp-content\/uploads\/2023\/07\/2-150x150.png 150w\" sizes=\"(max-width: 300px) 100vw, 300px\" \/><\/a><\/figure><div class=\"elementor-image-box-content\"><h3 class=\"elementor-image-box-title\"><a href=\"https:\/\/urologistarj.com.br\/index.php\/calculo-renal\/\">C\u00e1lculo Renal<\/a><\/h3><\/div><\/div>\t\t<\/div>\n\t\t\t\t<\/div>\n\t\t\t\t<div class=\"elementor-element elementor-element-afc8dfd elementor-position-top elementor-vertical-align-top elementor-widget elementor-widget-image-box\" data-id=\"afc8dfd\" data-element_type=\"widget\" data-widget_type=\"image-box.default\">\n\t\t\t\t<div class=\"elementor-widget-container\">\n\t\t\t<div class=\"elementor-image-box-wrapper\"><figure class=\"elementor-image-box-img\"><a href=\"https:\/\/urologistarj.com.br\/index.php\/hiperplasia-prostatica-benigna-hpb\/\"><img decoding=\"async\" width=\"300\" height=\"300\" src=\"https:\/\/urologistarj.com.br\/wp-content\/uploads\/2023\/07\/2.png\" class=\"elementor-animation-grow attachment-full size-full wp-image-1201\" alt=\"\" loading=\"lazy\" srcset=\"https:\/\/urologistarj.com.br\/wp-content\/uploads\/2023\/07\/2.png 300w, https:\/\/urologistarj.com.br\/wp-content\/uploads\/2023\/07\/2-150x150.png 150w\" sizes=\"(max-width: 300px) 100vw, 300px\" \/><\/a><\/figure><div class=\"elementor-image-box-content\"><h3 class=\"elementor-image-box-title\"><a href=\"https:\/\/urologistarj.com.br\/index.php\/hiperplasia-prostatica-benigna-hpb\/\">Hiperplasia prost\u00e1tica benigna<\/a><\/h3><\/div><\/div>\t\t<\/div>\n\t\t\t\t<\/div>\n\t\t\t\t<\/div>\n\t\t\t\t\t<\/div>\n\t\t\t\t<\/div>\n\t\t<div class=\"elementor-element elementor-element-cc40b4b e-flex e-con-boxed e-con\" data-id=\"cc40b4b\" data-element_type=\"container\" data-settings=\"{&quot;content_width&quot;:&quot;boxed&quot;}\">\n\t\t\t\t\t<div class=\"e-con-inner\">\n\t\t\t\t<div class=\"elementor-element elementor-element-e2fb81c elementor-widget elementor-widget-text-editor\" data-id=\"e2fb81c\" data-element_type=\"widget\" data-widget_type=\"text-editor.default\">\n\t\t\t\t<div class=\"elementor-widget-container\">\n\t\t\t\t\t\t\t<p>Estas s\u00e3o apenas alguns dos principais tratamentos urol\u00f3gicos praticados pelo Dr. Henrique.<br \/>O Dr. Henrique ter\u00e1 um prazer em receb\u00ea-lo(a) e poder\u00e1 fornecer mais informa\u00e7\u00f5es sobre qualquer tratamento de sua especialidade.<\/p>\t\t\t\t\t\t<\/div>\n\t\t\t\t<\/div>\n\t\t\t\t\t<\/div>\n\t\t\t\t<\/div>\n\t\t<div class=\"elementor-element elementor-element-12e011ae e-flex e-con-boxed e-con\" data-id=\"12e011ae\" data-element_type=\"container\" data-settings=\"{&quot;background_background&quot;:&quot;classic&quot;,&quot;content_width&quot;:&quot;boxed&quot;}\">\n\t\t\t\t\t<div class=\"e-con-inner\">\n\t\t\t\t<div class=\"elementor-element elementor-element-2f0549b9 elementor-align-center elementor-widget elementor-widget-button\" data-id=\"2f0549b9\" data-element_type=\"widget\" data-widget_type=\"button.default\">\n\t\t\t\t<div class=\"elementor-widget-container\">\n\t\t\t\t\t<div class=\"elementor-button-wrapper\">\n\t\t\t<a class=\"elementor-button elementor-button-link elementor-size-sm elementor-animation-grow\" href=\"https:\/\/api.whatsapp.com\/send\/?phone=5521991515284&#038;text=Ol%C3%A1%2C+gostaria+de+marcar+uma+consulta+com+o+Dr.+Henrique+Machado&#038;type=phone_number&#038;app_absent=0\">\n\t\t\t\t\t\t<span class=\"elementor-button-content-wrapper\">\n\t\t\t\t\t\t<span class=\"elementor-button-text\">Agendar Consulta<\/span>\n\t\t<\/span>\n\t\t\t\t\t<\/a>\n\t\t<\/div>\n\t\t\t\t<\/div>\n\t\t\t\t<\/div>\n\t\t\t\t\t<\/div>\n\t\t\t\t<\/div>\n\t\t<div class=\"elementor-element elementor-element-687c5547 e-flex e-con-boxed e-con\" data-id=\"687c5547\" data-element_type=\"container\" data-settings=\"{&quot;content_width&quot;:&quot;boxed&quot;}\">\n\t\t\t\t\t<div class=\"e-con-inner\">\n\t\t<div class=\"elementor-element elementor-element-2587ec23 e-con-full e-flex e-con\" data-id=\"2587ec23\" data-element_type=\"container\" data-settings=\"{&quot;content_width&quot;:&quot;full&quot;}\">\n\t\t\t\t<div class=\"elementor-element elementor-element-3a5ff38b elementor-widget elementor-widget-image\" data-id=\"3a5ff38b\" data-element_type=\"widget\" data-widget_type=\"image.default\">\n\t\t\t\t<div class=\"elementor-widget-container\">\n\t\t\t<style>\/*! elementor - v3.14.0 - 26-06-2023 *\/\n.elementor-widget-image{text-align:center}.elementor-widget-image a{display:inline-block}.elementor-widget-image a img[src$=\".svg\"]{width:48px}.elementor-widget-image img{vertical-align:middle;display:inline-block}<\/style>\t\t\t\t\t\t\t\t\t\t\t\t<img decoding=\"async\" width=\"1066\" height=\"1600\" src=\"https:\/\/urologistarj.com.br\/wp-content\/uploads\/2024\/08\/Imagem-do-WhatsApp-de-2024-08-08-as-07.53.07_77bee2c1.jpg\" class=\"attachment-full size-full wp-image-2137\" alt=\"\" loading=\"lazy\" srcset=\"https:\/\/urologistarj.com.br\/wp-content\/uploads\/2024\/08\/Imagem-do-WhatsApp-de-2024-08-08-as-07.53.07_77bee2c1.jpg 1066w, https:\/\/urologistarj.com.br\/wp-content\/uploads\/2024\/08\/Imagem-do-WhatsApp-de-2024-08-08-as-07.53.07_77bee2c1-200x300.jpg 200w, https:\/\/urologistarj.com.br\/wp-content\/uploads\/2024\/08\/Imagem-do-WhatsApp-de-2024-08-08-as-07.53.07_77bee2c1-682x1024.jpg 682w, https:\/\/urologistarj.com.br\/wp-content\/uploads\/2024\/08\/Imagem-do-WhatsApp-de-2024-08-08-as-07.53.07_77bee2c1-768x1153.jpg 768w, https:\/\/urologistarj.com.br\/wp-content\/uploads\/2024\/08\/Imagem-do-WhatsApp-de-2024-08-08-as-07.53.07_77bee2c1-1023x1536.jpg 1023w\" sizes=\"(max-width: 1066px) 100vw, 1066px\" \/>\t\t\t\t\t\t\t\t\t\t\t\t\t\t\t<\/div>\n\t\t\t\t<\/div>\n\t\t\t\t<\/div>\n\t\t<div class=\"elementor-element elementor-element-a0b37f6 e-con-full e-flex e-con\" data-id=\"a0b37f6\" data-element_type=\"container\" data-settings=\"{&quot;content_width&quot;:&quot;full&quot;}\">\n\t\t\t\t<div class=\"elementor-element elementor-element-e2b5e6b elementor-widget elementor-widget-heading\" data-id=\"e2b5e6b\" data-element_type=\"widget\" data-widget_type=\"heading.default\">\n\t\t\t\t<div class=\"elementor-widget-container\">\n\t\t\t<h2 class=\"elementor-heading-title elementor-size-default\">Sobre o Doutor <\/h2>\t\t<\/div>\n\t\t\t\t<\/div>\n\t\t\t\t<div class=\"elementor-element elementor-element-9a6a473 elementor-widget elementor-widget-text-editor\" data-id=\"9a6a473\" data-element_type=\"widget\" data-widget_type=\"text-editor.default\">\n\t\t\t\t<div class=\"elementor-widget-container\">\n\t\t\t\t\t\t\t<p>Dr. Henique Machado \u00e9 um urologista experiente e certificado que oferece atendimento emp\u00e1tico a homens, mulheres e crian\u00e7as. Utiliza os m\u00e9todos\u00a0 mais atualizados e eficazes para obter os melhores resultados em cada caso.<\/p><p>O Dr. Henrique Machado \u00e9 um profissional dedicado que se preocupa com o bem-estar de seus pacientes. Ele est\u00e1 sempre disposto a ouvir e responder \u00e0s perguntas, e garante que seus pacientes recebam o melhor atendimento poss\u00edvel.<\/p>\t\t\t\t\t\t<\/div>\n\t\t\t\t<\/div>\n\t\t\t\t<\/div>\n\t\t\t\t\t<\/div>\n\t\t\t\t<\/div>\n\t\t\t\t\t\t\t<\/div>\n\t\t","protected":false},"excerpt":{"rendered":"<p>Tratamentos Urol\u00f3gicos A urologia \u00e9 uma especialidade m\u00e9dica que lida com o trato urin\u00e1rio, que inclui os rins, os ureteres, a bexiga e a uretra tanto para homens quanto para mulheres. Principais Tratamentos Infecc\u00e7\u00e3o Urin\u00e1ria Prostatite Incontin\u00eancia Urin\u00e1ria Cistite C\u00e1lculo Renal Hiperplasia prost\u00e1tica benigna Estas s\u00e3o apenas alguns dos principais tratamentos urol\u00f3gicos praticados pelo Dr. [&hellip;]<\/p>\n","protected":false},"author":2,"featured_media":0,"parent":0,"menu_order":0,"comment_status":"closed","ping_status":"closed","template":"elementor_header_footer","meta":[],"yoast_head":"<!-- This site is optimized with the Yoast SEO plugin v20.12 - https:\/\/yoast.com\/wordpress\/plugins\/seo\/ -->\n<title>Principais Tratamentos - Dr. Henrique Machado - Urologista<\/title>\n<meta name=\"robots\" content=\"index, follow, max-snippet:-1, max-image-preview:large, max-video-preview:-1\" \/>\n<link rel=\"canonical\" href=\"https:\/\/urologistarj.com.br\/index.php\/principais-tratamentos\/\" \/>\n<meta property=\"og:locale\" content=\"pt_BR\" \/>\n<meta property=\"og:type\" content=\"article\" \/>\n<meta property=\"og:title\" content=\"Principais Tratamentos - Dr. Henrique Machado - Urologista\" \/>\n<meta property=\"og:description\" content=\"Tratamentos Urol\u00f3gicos A urologia \u00e9 uma especialidade m\u00e9dica que lida com o trato urin\u00e1rio, que inclui os rins, os ureteres, a bexiga e a uretra tanto para homens quanto para mulheres. Principais Tratamentos Infecc\u00e7\u00e3o Urin\u00e1ria Prostatite Incontin\u00eancia Urin\u00e1ria Cistite C\u00e1lculo Renal Hiperplasia prost\u00e1tica benigna Estas s\u00e3o apenas alguns dos principais tratamentos urol\u00f3gicos praticados pelo Dr. [&hellip;]\" \/>\n<meta property=\"og:url\" content=\"https:\/\/urologistarj.com.br\/index.php\/principais-tratamentos\/\" \/>\n<meta property=\"og:site_name\" content=\"Dr. Henrique Machado - Urologista\" \/>\n<meta property=\"article:modified_time\" content=\"2024-08-08T15:10:40+00:00\" \/>\n<meta property=\"og:image\" content=\"https:\/\/urologistarj.com.br\/wp-content\/uploads\/2023\/07\/2.png\" \/>\n<meta name=\"twitter:card\" content=\"summary_large_image\" \/>\n<script type=\"application\/ld+json\" class=\"yoast-schema-graph\">{\"@context\":\"https:\/\/schema.org\",\"@graph\":[{\"@type\":\"WebPage\",\"@id\":\"https:\/\/urologistarj.com.br\/index.php\/principais-tratamentos\/\",\"url\":\"https:\/\/urologistarj.com.br\/index.php\/principais-tratamentos\/\",\"name\":\"Principais Tratamentos - Dr. Henrique Machado - Urologista\",\"isPartOf\":{\"@id\":\"https:\/\/urologistarj.com.br\/#website\"},\"datePublished\":\"2023-07-13T20:15:46+00:00\",\"dateModified\":\"2024-08-08T15:10:40+00:00\",\"breadcrumb\":{\"@id\":\"https:\/\/urologistarj.com.br\/index.php\/principais-tratamentos\/#breadcrumb\"},\"inLanguage\":\"pt-BR\",\"potentialAction\":[{\"@type\":\"ReadAction\",\"target\":[\"https:\/\/urologistarj.com.br\/index.php\/principais-tratamentos\/\"]}]},{\"@type\":\"BreadcrumbList\",\"@id\":\"https:\/\/urologistarj.com.br\/index.php\/principais-tratamentos\/#breadcrumb\",\"itemListElement\":[{\"@type\":\"ListItem\",\"position\":1,\"name\":\"In\u00edcio\",\"item\":\"https:\/\/urologistarj.com.br\/\"},{\"@type\":\"ListItem\",\"position\":2,\"name\":\"Principais Tratamentos\"}]},{\"@type\":\"WebSite\",\"@id\":\"https:\/\/urologistarj.com.br\/#website\",\"url\":\"https:\/\/urologistarj.com.br\/\",\"name\":\"Dr. Henrique Machado - Urologista\",\"description\":\"Dr. Henrique Machado - Urologista\",\"publisher\":{\"@id\":\"https:\/\/urologistarj.com.br\/#organization\"},\"potentialAction\":[{\"@type\":\"SearchAction\",\"target\":{\"@type\":\"EntryPoint\",\"urlTemplate\":\"https:\/\/urologistarj.com.br\/?s={search_term_string}\"},\"query-input\":\"required name=search_term_string\"}],\"inLanguage\":\"pt-BR\"},{\"@type\":\"Organization\",\"@id\":\"https:\/\/urologistarj.com.br\/#organization\",\"name\":\"Dr. Henrique Machado - Urologista\",\"url\":\"https:\/\/urologistarj.com.br\/\",\"logo\":{\"@type\":\"ImageObject\",\"inLanguage\":\"pt-BR\",\"@id\":\"https:\/\/urologistarj.com.br\/#\/schema\/logo\/image\/\",\"url\":\"https:\/\/urologistarj.com.br\/wp-content\/uploads\/2022\/12\/henrique-machado-logo-vertical.png\",\"contentUrl\":\"https:\/\/urologistarj.com.br\/wp-content\/uploads\/2022\/12\/henrique-machado-logo-vertical.png\",\"width\":2757,\"height\":1592,\"caption\":\"Dr. Henrique Machado - Urologista\"},\"image\":{\"@id\":\"https:\/\/urologistarj.com.br\/#\/schema\/logo\/image\/\"}}]}<\/script>\n<!-- \/ Yoast SEO plugin. -->","yoast_head_json":{"title":"Principais Tratamentos - Dr. Henrique Machado - Urologista","robots":{"index":"index","follow":"follow","max-snippet":"max-snippet:-1","max-image-preview":"max-image-preview:large","max-video-preview":"max-video-preview:-1"},"canonical":"https:\/\/urologistarj.com.br\/index.php\/principais-tratamentos\/","og_locale":"pt_BR","og_type":"article","og_title":"Principais Tratamentos - Dr. Henrique Machado - Urologista","og_description":"Tratamentos Urol\u00f3gicos A urologia \u00e9 uma especialidade m\u00e9dica que lida com o trato urin\u00e1rio, que inclui os rins, os ureteres, a bexiga e a uretra tanto para homens quanto para mulheres. Principais Tratamentos Infecc\u00e7\u00e3o Urin\u00e1ria Prostatite Incontin\u00eancia Urin\u00e1ria Cistite C\u00e1lculo Renal Hiperplasia prost\u00e1tica benigna Estas s\u00e3o apenas alguns dos principais tratamentos urol\u00f3gicos praticados pelo Dr. [&hellip;]","og_url":"https:\/\/urologistarj.com.br\/index.php\/principais-tratamentos\/","og_site_name":"Dr. Henrique Machado - Urologista","article_modified_time":"2024-08-08T15:10:40+00:00","og_image":[{"url":"https:\/\/urologistarj.com.br\/wp-content\/uploads\/2023\/07\/2.png"}],"twitter_card":"summary_large_image","schema":{"@context":"https:\/\/schema.org","@graph":[{"@type":"WebPage","@id":"https:\/\/urologistarj.com.br\/index.php\/principais-tratamentos\/","url":"https:\/\/urologistarj.com.br\/index.php\/principais-tratamentos\/","name":"Principais Tratamentos - Dr. Henrique Machado - Urologista","isPartOf":{"@id":"https:\/\/urologistarj.com.br\/#website"},"datePublished":"2023-07-13T20:15:46+00:00","dateModified":"2024-08-08T15:10:40+00:00","breadcrumb":{"@id":"https:\/\/urologistarj.com.br\/index.php\/principais-tratamentos\/#breadcrumb"},"inLanguage":"pt-BR","potentialAction":[{"@type":"ReadAction","target":["https:\/\/urologistarj.com.br\/index.php\/principais-tratamentos\/"]}]},{"@type":"BreadcrumbList","@id":"https:\/\/urologistarj.com.br\/index.php\/principais-tratamentos\/#breadcrumb","itemListElement":[{"@type":"ListItem","position":1,"name":"In\u00edcio","item":"https:\/\/urologistarj.com.br\/"},{"@type":"ListItem","position":2,"name":"Principais Tratamentos"}]},{"@type":"WebSite","@id":"https:\/\/urologistarj.com.br\/#website","url":"https:\/\/urologistarj.com.br\/","name":"Dr. Henrique Machado - Urologista","description":"Dr. Henrique Machado - Urologista","publisher":{"@id":"https:\/\/urologistarj.com.br\/#organization"},"potentialAction":[{"@type":"SearchAction","target":{"@type":"EntryPoint","urlTemplate":"https:\/\/urologistarj.com.br\/?s={search_term_string}"},"query-input":"required name=search_term_string"}],"inLanguage":"pt-BR"},{"@type":"Organization","@id":"https:\/\/urologistarj.com.br\/#organization","name":"Dr. Henrique Machado - Urologista","url":"https:\/\/urologistarj.com.br\/","logo":{"@type":"ImageObject","inLanguage":"pt-BR","@id":"https:\/\/urologistarj.com.br\/#\/schema\/logo\/image\/","url":"https:\/\/urologistarj.com.br\/wp-content\/uploads\/2022\/12\/henrique-machado-logo-vertical.png","contentUrl":"https:\/\/urologistarj.com.br\/wp-content\/uploads\/2022\/12\/henrique-machado-logo-vertical.png","width":2757,"height":1592,"caption":"Dr. Henrique Machado - Urologista"},"image":{"@id":"https:\/\/urologistarj.com.br\/#\/schema\/logo\/image\/"}}]}},"_links":{"self":[{"href":"https:\/\/urologistarj.com.br\/index.php\/wp-json\/wp\/v2\/pages\/1309"}],"collection":[{"href":"https:\/\/urologistarj.com.br\/index.php\/wp-json\/wp\/v2\/pages"}],"about":[{"href":"https:\/\/urologistarj.com.br\/index.php\/wp-json\/wp\/v2\/types\/page"}],"author":[{"embeddable":true,"href":"https:\/\/urologistarj.com.br\/index.php\/wp-json\/wp\/v2\/users\/2"}],"replies":[{"embeddable":true,"href":"https:\/\/urologistarj.com.br\/index.php\/wp-json\/wp\/v2\/comments?post=1309"}],"version-history":[{"count":40,"href":"https:\/\/urologistarj.com.br\/index.php\/wp-json\/wp\/v2\/pages\/1309\/revisions"}],"predecessor-version":[{"id":2170,"href":"https:\/\/urologistarj.com.br\/index.php\/wp-json\/wp\/v2\/pages\/1309\/revisions\/2170"}],"wp:attachment":[{"href":"https:\/\/urologistarj.com.br\/index.php\/wp-json\/wp\/v2\/media?parent=1309"}],"curies":[{"name":"wp","href":"https:\/\/api.w.org\/{rel}","templated":true}]}}